{"id":57,"date":"2019-05-06T23:42:44","date_gmt":"2019-05-06T23:42:44","guid":{"rendered":"https:\/\/hultic2.qc2m.org\/?page_id=57"},"modified":"2022-07-11T14:07:32","modified_gmt":"2022-07-11T14:07:32","slug":"quest-ce-que-lultimate","status":"publish","type":"page","link":"https:\/\/hultic.qc2m.org\/?page_id=57","title":{"rendered":"Qu&rsquo;est-ce que l&rsquo;ultimate ?"},"content":{"rendered":"\n<h3 class=\"wp-block-heading\">Le But du Jeu<\/h3>\n\n\n<div class=\"wp-block-image\">\n<figure class=\"alignright\"><img data-recalc-dims=\"1\" height=\"155\" width=\"300\" decoding=\"async\" src=\"https:\/\/i0.wp.com\/www.ffdf.fr\/wp-content\/uploads\/2021\/03\/terrain-300x155.jpg?resize=300%2C155&#038;ssl=1\" alt=\"\" class=\"wp-image-19258\"\/><\/figure><\/div>\n\n\n<p>L\u2019ultimate se joue avec deux \u00e9quipes de sept joueurs chacune et un disque (frisbee). Le terrain a une surface de 100 m par 37 m. En salle, il se joue sur un terrain de handball avec cinq joueurs par \u00e9quipe. A chaque extr\u00e9mit\u00e9 du terrain il y a une zone d\u2019en-but de 18 m (ext\u00e9rieur) ou 6 m (en salle).<\/p>\n\n\n\n<h3 class=\"wp-block-heading\">L&rsquo;engagement<\/h3>\n\n\n\n<p>Au d\u00e9but du jeu et apr\u00e8s chaque point marqu\u00e9 les \u00e9quipes se tiennent sur leur ligne de but. L\u2019\u00e9quipe qui a marqu\u00e9 le dernier point lance le disque. L\u2019autre \u00e9quipe prend possession du disque l\u00e0 o\u00f9 il atterrit et devient alors l\u2019\u00e9quipe attaquante.<\/p>\n\n\n\n<h3 class=\"wp-block-heading\">Score<\/h3>\n\n\n\n<p>Un point est marqu\u00e9 quand l\u2019\u00e9quipe offensive attrape le disque dans la zone d\u2019en-but de l\u2019\u00e9quipe adverse.<\/p>\n\n\n\n<h3 class=\"wp-block-heading\">En jeu et hors limites<\/h3>\n\n\n\n<p>Un disque est en jeu quand il est attrap\u00e9 dans le terrain. Les lignes de touche et de fond sont hors limites. Pour marquer un point, un joueur attaquant doit donc attraper le disque dans la zone d\u2019en-but, sans toucher une des lignes.<\/p>\n\n\n\n<h3 class=\"wp-block-heading\">Jouer le disque<\/h3>\n\n\n\n<p>Un joueur en possession du disque peut le jouer dans n\u2019importe quelle direction. Il doit le faire dans les dix secondes; un d\u00e9fenseur se tient devant lui et compte jusqu\u2019\u00e0 dix. Le joueur en possession du disque ne doit pas marcher, mais peut \u00e9tablir un pied pivot.<\/p>\n\n\n\n<h3 class=\"wp-block-heading\">Changement de possession du disque<\/h3>\n\n\n\n<p>L\u2019\u00e9quipe qui d\u00e9fend prend possession du disque quand le lancer d\u2019un joueur de l\u2019attaque est intercept\u00e9. Par exemple le disque a touch\u00e9 le sol, est intercept\u00e9 ou attrap\u00e9 en dehors du terrain. L\u2019\u00e9quipe qui d\u00e9fendait devient maintenant l\u2019\u00e9quipe attaquante.<\/p>\n\n\n\n<h3 class=\"wp-block-heading\">Remplacement des joueurs<\/h3>\n\n\n\n<p>Apr\u00e8s chaque point les \u00e9quipes peuvent remplacer autant de joueurs qu\u2019elles le souhaitent.<\/p>\n\n\n\n<h3 class=\"wp-block-heading\">Sport sans contact<\/h3>\n\n\n\n<p>L\u2019ultimate est un sport sans contact. Les contacts physiques ne sont pas autoris\u00e9s.<\/p>\n\n\n\n<h3 class=\"wp-block-heading\">Fautes<\/h3>\n\n\n\n<p>Quand une faute est constat\u00e9e un des joueurs appelle \u00ab&nbsp;FAUTE&nbsp;\u00bb. Tous les joueurs s\u2019arr\u00eatent imm\u00e9diatement et le jeu est stopp\u00e9. Le but est de reprendre le jeu comme si la faute n\u2019avait pas eu lieu. Quand les joueurs ne peuvent se mettre d\u2019accord le disque retourne au dernier lanceur et le jeu reprend de l\u00e0.<\/p>\n\n\n\n<h3 class=\"wp-block-heading\">Pas d&rsquo;arbitre<\/h3>\n\n\n\n<p>L\u2019esprit du jeu est un aspect important de tous les sports de disque. Contrairement aux autres sports, l\u2019Ultimate se joue sans arbitre. Les joueurs sont eux-m\u00eames responsables du bon d\u00e9roulement du jeu.<\/p>\n\n\n\n<figure class=\"wp-block-embed is-type-video is-provider-youtube wp-block-embed-youtube wp-embed-aspect-16-9 wp-has-aspect-ratio\"><div class=\"wp-block-embed__wrapper\">\n<span class=\"embed-youtube\" style=\"text-align:center; display: block;\"><iframe loading=\"lazy\" class=\"youtube-player\" width=\"740\" height=\"417\" src=\"https:\/\/www.youtube.com\/embed\/uerxINkbLNU?version=3&#038;rel=1&#038;showsearch=0&#038;showinfo=1&#038;iv_load_policy=1&#038;fs=1&#038;hl=fr-FR&#038;autohide=2&#038;wmode=transparent\" allowfullscreen=\"true\" style=\"border:0;\" sandbox=\"allow-scripts allow-same-origin allow-popups allow-presentation allow-popups-to-escape-sandbox\"><\/iframe><\/span>\n<\/div><\/figure>\n\n\n\n<p class=\"has-text-align-right\"><em>Texte: Peter Cornelissen, Mike Ocon.<\/em><br><em>Traduction : Jos\u00e9 Pires, Christophe Brolles.<\/em><\/p>\n\n\n\n<p class=\"has-text-align-right\"><em>Source : <a rel=\"noreferrer noopener\" href=\"https:\/\/www.ff-flyingdisc.fr\" target=\"_blank\">https:\/\/www.ff-flyingdisc.fr<\/a><\/em><\/p>\n","protected":false},"excerpt":{"rendered":"<p>Le But du Jeu L\u2019ultimate se joue avec deux \u00e9quipes de sept joueurs chacune et un disque (frisbee). Le terrain a une surface de 100 m par 37 m. En salle, il se joue sur un terrain de handball avec cinq joueurs par \u00e9quipe. A chaque extr\u00e9mit\u00e9 du terrain il y a une zone d\u2019en-but &hellip; <a href=\"https:\/\/hultic.qc2m.org\/?page_id=57\" class=\"more-link\">Lire la suite <span class=\"screen-reader-text\">Qu&rsquo;est-ce que l&rsquo;ultimate ?<\/span><\/a><\/p>\n","protected":false},"author":1,"featured_media":0,"parent":52,"menu_order":1,"comment_status":"closed","ping_status":"closed","template":"","meta":{"jetpack_post_was_ever_published":false,"footnotes":""},"class_list":["post-57","page","type-page","status-publish","hentry"],"jetpack_sharing_enabled":true,"jetpack_shortlink":"https:\/\/wp.me\/PaVTNd-V","_links":{"self":[{"href":"https:\/\/hultic.qc2m.org\/index.php?rest_route=\/wp\/v2\/pages\/57","targetHints":{"allow":["GET"]}}],"collection":[{"href":"https:\/\/hultic.qc2m.org\/index.php?rest_route=\/wp\/v2\/pages"}],"about":[{"href":"https:\/\/hultic.qc2m.org\/index.php?rest_route=\/wp\/v2\/types\/page"}],"author":[{"embeddable":true,"href":"https:\/\/hultic.qc2m.org\/index.php?rest_route=\/wp\/v2\/users\/1"}],"replies":[{"embeddable":true,"href":"https:\/\/hultic.qc2m.org\/index.php?rest_route=%2Fwp%2Fv2%2Fcomments&post=57"}],"version-history":[{"count":9,"href":"https:\/\/hultic.qc2m.org\/index.php?rest_route=\/wp\/v2\/pages\/57\/revisions"}],"predecessor-version":[{"id":392,"href":"https:\/\/hultic.qc2m.org\/index.php?rest_route=\/wp\/v2\/pages\/57\/revisions\/392"}],"up":[{"embeddable":true,"href":"https:\/\/hultic.qc2m.org\/index.php?rest_route=\/wp\/v2\/pages\/52"}],"wp:attachment":[{"href":"https:\/\/hultic.qc2m.org\/index.php?rest_route=%2Fwp%2Fv2%2Fmedia&parent=57"}],"curies":[{"name":"wp","href":"https:\/\/api.w.org\/{rel}","templated":true}]}}