{"id":55,"date":"2019-05-06T23:42:44","date_gmt":"2019-05-06T23:42:44","guid":{"rendered":"https:\/\/hultic2.qc2m.org\/?page_id=55"},"modified":"2025-09-16T10:58:09","modified_gmt":"2025-09-16T10:58:09","slug":"inscription","status":"publish","type":"page","link":"https:\/\/hultic.qc2m.org\/?page_id=55","title":{"rendered":"NOUS REJOINDRE"},"content":{"rendered":"\n<p><strong>L\u2019HULTIC recrute de nouveaux joueurs, alors, n&rsquo;h\u00e9sitez pas, rejoignez-nous !<\/strong><\/p>\n\n\n\n<figure class=\"wp-block-image size-large is-style-default\"><img data-recalc-dims=\"1\" loading=\"lazy\" decoding=\"async\" width=\"740\" height=\"492\" src=\"https:\/\/i0.wp.com\/hultic.qc2m.org\/wp-content\/uploads\/2019\/05\/dsc3916-copie.jpg?resize=740%2C492&#038;ssl=1\" alt=\"\" class=\"wp-image-92\" srcset=\"https:\/\/i0.wp.com\/hultic.qc2m.org\/wp-content\/uploads\/2019\/05\/dsc3916-copie.jpg?resize=1024%2C681&amp;ssl=1 1024w, https:\/\/i0.wp.com\/hultic.qc2m.org\/wp-content\/uploads\/2019\/05\/dsc3916-copie.jpg?resize=300%2C200&amp;ssl=1 300w, https:\/\/i0.wp.com\/hultic.qc2m.org\/wp-content\/uploads\/2019\/05\/dsc3916-copie.jpg?resize=768%2C511&amp;ssl=1 768w, https:\/\/i0.wp.com\/hultic.qc2m.org\/wp-content\/uploads\/2019\/05\/dsc3916-copie.jpg?resize=2000%2C1331&amp;ssl=1 2000w, https:\/\/i0.wp.com\/hultic.qc2m.org\/wp-content\/uploads\/2019\/05\/dsc3916-copie.jpg?w=1480&amp;ssl=1 1480w, https:\/\/i0.wp.com\/hultic.qc2m.org\/wp-content\/uploads\/2019\/05\/dsc3916-copie.jpg?w=2220&amp;ssl=1 2220w\" sizes=\"auto, (max-width: 740px) 100vw, 740px\" \/><figcaption class=\"wp-element-caption\">S\u00e9ance d&rsquo;entra\u00eenement au Gymnase Claude Bernard<\/figcaption><\/figure>\n\n\n\n<p>Que vous soyez,<\/p>\n\n\n\n<ul class=\"wp-block-list\">\n<li><strong>d\u00e9butants ou confirm\u00e9s;<\/strong><\/li>\n\n\n\n<li><strong>jeunes ou vieux<\/strong>, <strong>mineur ou majeur<\/strong><\/li>\n\n\n\n<li><strong>comp\u00e9titeurs ou juste sportif du dimanche;<\/strong><\/li>\n\n\n\n<li><strong>homme ou femme;<\/strong><\/li>\n<\/ul>\n\n\n\n<p>vous \u00eates les bienvenus. Nous vous promettons de la d\u00e9pense physique, de la bonne humeur, de la convivialit\u00e9, du fair-play, et tout cela sans contact physique, pour un sport mixte et auto-arbitr\u00e9.<\/p>\n\n\n\n<p>Nous sommes toujours ravi d&rsquo;accueillir de nouvelles joueuses et joueurs et de faire d\u00e9couvrir notre passion qu&rsquo;est l&rsquo;Ultimate frisbee.<\/p>\n\n\n\n<p><strong>Retrouvez nous le temps d\u2019un entra\u00eenement le mardi entre 19h30 et 21h30<\/strong> <strong>(horaire OUTDOOR) <\/strong><mark style=\"background-color:#ddbe0d\" class=\"has-inline-color\"><strong>ou<\/strong><\/mark> <strong>entre 20h00 et 22h00 (horaire INDOOR)<\/strong><\/p>\n\n\n\n<p>En fonction de la saison nous serons <strong>:<\/strong><\/p>\n\n\n\n<ul class=\"wp-block-list\">\n<li><strong>en salle (INDOOR) au <a rel=\"noreferrer noopener\" href=\"https:\/\/www.google.com\/maps\/place\/Gymnase+Claude+Bernard\/@49.5180142,0.0991731,712m\/data=!3m2!1e3!4b1!4m5!3m4!1s0x47e02f657f3fd261:0x7486d065dff3317e!8m2!3d49.5180108!4d0.1036578\" data-type=\"URL\" data-id=\"https:\/\/www.google.com\/maps\/place\/Gymnase+Claude+Bernard\/@49.5180142,0.0991731,712m\/data=!3m2!1e3!4b1!4m5!3m4!1s0x47e02f657f3fd261:0x7486d065dff3317e!8m2!3d49.5180108!4d0.1036578\" target=\"_blank\">gymnase Claude Bernard<\/a><\/strong> (Rue Hannes Montlairy, 76620 Le Havre)<\/li>\n\n\n\n<li><strong>en ext\u00e9rieur (OUTDOOR) au<a rel=\"noreferrer noopener\" href=\"https:\/\/www.google.com\/maps\/place\/49%C2%B031'21.5%22N+0%C2%B008'41.4%22E\/@49.5226389,0.1436034,356m\/data=!3m2!1e3!4b1!4m13!1m6!3m5!1s0x47e02faf3f917969:0xb5ca1efab2cfa280!2sCaniParc!8m2!3d49.5217971!4d0.1468631!3m5!1s0x0:0x92e3a8a691909565!7e2!8m2!3d49.5226383!4d0.1448258\" data-type=\"URL\" data-id=\"https:\/\/www.google.com\/maps\/place\/49%C2%B031'21.5%22N+0%C2%B008'41.4%22E\/@49.5226389,0.1436034,356m\/data=!3m2!1e3!4b1!4m13!1m6!3m5!1s0x47e02faf3f917969:0xb5ca1efab2cfa280!2sCaniParc!8m2!3d49.5217971!4d0.1468631!3m5!1s0x0:0x92e3a8a691909565!7e2!8m2!3d49.5226383!4d0.1448258\" target=\"_blank\"> Stade Youri Gagarine<\/a><\/strong> (37 Rue Louis Bl\u00e9riot, 76620 Le Havre)<\/li>\n\n\n\n<li><strong>en ext\u00e9rieur (BEACH) sur <a href=\"https:\/\/www.google.com\/maps\/place\/Espace+Multi-Sports+de+Plage+du+Havre+(pr%C3%A8s+du+Poste+de+Secours+de+la+Plage+n%C2%B02)\/@49.4944197,0.0927756,137m\/data=!3m1!1e3!4m13!1m7!3m6!1s0x47e02f2c2ed9dee1:0x104904ebca5505cd!2sPlage+du+Havre!3b1!8m2!3d49.4951489!4d0.0918489!3m4!1s0x47e02fe6a70c2a79:0xa0ba11ecc0c52b83!8m2!3d49.4945182!4d0.0931994\" data-type=\"URL\" data-id=\"https:\/\/www.google.com\/maps\/place\/Espace+Multi-Sports+de+Plage+du+Havre+(pr%C3%A8s+du+Poste+de+Secours+de+la+Plage+n%C2%B02)\/@49.4944197,0.0927756,137m\/data=!3m1!1e3!4m13!1m7!3m6!1s0x47e02f2c2ed9dee1:0x104904ebca5505cd!2sPlage+du+Havre!3b1!8m2!3d49.4951489!4d0.0918489!3m4!1s0x47e02fe6a70c2a79:0xa0ba11ecc0c52b83!8m2!3d49.4945182!4d0.0931994\" target=\"_blank\" rel=\"noreferrer noopener\">la plage<\/a><\/strong> (\u00ab\u00a0carr\u00e9 de Sable\u00a0\u00bb de promenade de la plage)<\/li>\n<\/ul>\n\n\n\n<p><strong>N&rsquo;h\u00e9sitez<\/strong> <strong>pas<\/strong> \u00e0 venir nous rencontrer et vous essayer \u00e0 notre sport. Vous allez l&rsquo;adorer.<\/p>\n\n\n\n<p>Pour plus d&rsquo;informations, <a href=\"https:\/\/hultic.qc2m.org\/?page_id=56\" data-type=\"page\" data-id=\"56\">contactez-nous<\/a> !<\/p>\n","protected":false},"excerpt":{"rendered":"<p>L\u2019HULTIC recrute de nouveaux joueurs, alors, n&rsquo;h\u00e9sitez pas, rejoignez-nous ! Que vous soyez, vous \u00eates les bienvenus. Nous vous promettons de la d\u00e9pense physique, de la bonne humeur, de la convivialit\u00e9, du fair-play, et tout cela sans contact physique, pour un sport mixte et auto-arbitr\u00e9. Nous sommes toujours ravi d&rsquo;accueillir de nouvelles joueuses et joueurs &hellip; <a href=\"https:\/\/hultic.qc2m.org\/?page_id=55\" class=\"more-link\">Lire la suite <span class=\"screen-reader-text\">NOUS REJOINDRE<\/span><\/a><\/p>\n","protected":false},"author":1,"featured_media":0,"parent":0,"menu_order":0,"comment_status":"closed","ping_status":"closed","template":"","meta":{"jetpack_post_was_ever_published":false,"footnotes":""},"class_list":["post-55","page","type-page","status-publish","hentry"],"jetpack_sharing_enabled":true,"jetpack_shortlink":"https:\/\/wp.me\/PaVTNd-T","_links":{"self":[{"href":"https:\/\/hultic.qc2m.org\/index.php?rest_route=\/wp\/v2\/pages\/55","targetHints":{"allow":["GET"]}}],"collection":[{"href":"https:\/\/hultic.qc2m.org\/index.php?rest_route=\/wp\/v2\/pages"}],"about":[{"href":"https:\/\/hultic.qc2m.org\/index.php?rest_route=\/wp\/v2\/types\/page"}],"author":[{"embeddable":true,"href":"https:\/\/hultic.qc2m.org\/index.php?rest_route=\/wp\/v2\/users\/1"}],"replies":[{"embeddable":true,"href":"https:\/\/hultic.qc2m.org\/index.php?rest_route=%2Fwp%2Fv2%2Fcomments&post=55"}],"version-history":[{"count":17,"href":"https:\/\/hultic.qc2m.org\/index.php?rest_route=\/wp\/v2\/pages\/55\/revisions"}],"predecessor-version":[{"id":541,"href":"https:\/\/hultic.qc2m.org\/index.php?rest_route=\/wp\/v2\/pages\/55\/revisions\/541"}],"wp:attachment":[{"href":"https:\/\/hultic.qc2m.org\/index.php?rest_route=%2Fwp%2Fv2%2Fmedia&parent=55"}],"curies":[{"name":"wp","href":"https:\/\/api.w.org\/{rel}","templated":true}]}}